divided by 65?
62
Calculate the remainder when 2238 is divided by 190.
148
What is the remainder when 100371 is divided by 3136?
19
Calculate the remainder when 6398 is divided by 1276.
18
What is the remainder when 46753 is divided by 935?
3
Calculate the remainder when 18347 is divided by 66.
65
What is the remainder when 1724819 is divided by 285?
284
Calculate the remainder when 3591 is divided by 7.
0
Calculate the remainder when 5759 is divided by 24.
23
What is the remainder when 50977 is divided by 4247?
13
Calculate the remainder when 203276 is divided by 168.
164
Calculate the remainder when 19982 is divided by 16.
14
What is the remainder when 22485 is divided by 83?
75
Calculate the remainder when 5644 is divided by 779.
191
Calculate the remainder when 27559 is divided by 207.
28
Calculate the remainder when 9026 is divided by 66.
50
What is the remainder when 232678 is divided by 20?
18
Calculate the remainder when 11087 is divided by 144.
143
Calculate the remainder when 75687 is divided by 416.
391
What is the remainder when 352699 is divided by 118?
115
What is the remainder when 205336 is divided by 31?
23
What is the remainder when 86421 is divided by 271?
243
What is the remainder when 66972 is divided by 22300?
72
Calculate the remainder when 27613 is divided by 13803.
7
What is the remainder when 11939 is divided by 254?
1
Calculate the remainder when 414 is divided by 42.
36
Calculate the remainder when 6956 is divided by 5934.
1022
What is the remainder when 138070 is divided by 1054?
1050
Calculate the remainder when 5855253 is divided by 132.
129
Calculate the remainder when 5033 is divided by 2501.
31
What is the remainder when 54715 is divided by 61?
59
What is the remainder when 17520 is divided by 103?
10
What is the remainder when 3092 is divided by 35?
12
Calculate the remainder when 417443 is divided by 238.
229
Calculate the remainder when 869 is divided by 77.
22
What is the remainder when 92595 is divided by 2985?
60
What is the remainder when 1815678 is divided by 40?
38
What is the remainder when 5025407 is divided by 1247?
1244
Calculate the remainder when 99045 is divided by 19807.
10
What is the remainder when 2628 is divided by 122?
66
What is the remainder when 9219 is divided by 2617?
1368
Calculate the remainder when 113691 is divided by 43.
42
What is the remainder when 604718 is divided by 302333?
52
What is the remainder when 125742 is divided by 28?
22
Calculate the remainder when 25469 is divided by 430.
99
What is the remainder when 387862 is divided by 407?
398
Calculate the remainder when 19651 is divided by 34.
33
Calculate the remainder when 89697 is divided by 276.
273
What is the remainder when 208654 is divided by 46?
44
What is the remainder when 110156 is divided by 108?
104
Calculate the remainder when 24539 is divided by 12237.
65
Calculate the remainder when 16050 is divided by 16048.
2
Calculate the remainder when 1892 is divided by 92.
52
Calculate the remainder when 609 is divided by 568.
41
Calculate the remainder when 1732175 is divided by 828.
827
Calculate the remainder when 55475 is divided by 146.
141
What is the remainder when 10764 is divided by 1344?
12
What is the remainder when 8886 is divided by 594?
570
What is the remainder when 46038 is divided by 46?
38
What is the remainder when 89580 is divided by 8?
4
Calculate the remainder when 33998 is divided by 11331.
5
What is the remainder when 5908 is divided by 16?
4
Calculate the remainder when 59048 is divided by 38.
34
What is the remainder when 8482 is divided by 4231?
20
Calculate the remainder when 50745 is divided by 403.
370
What is the remainder when 36407 is divided by 701?
656
What is the remainder when 1228 is divided by 34?
4
Calculate the remainder when 436779 is divided by 44.
35
Calculate the remainder when 1247 is divided by 27.
5
What is the remainder when 501260 is divided by 3?
2
What is the remainder when 67024 is divided by 13?
9
Calculate the remainder when 6251 is divided by 307.
111
Calculate the remainder when 22654 is divided by 596.
6
Calculate the remainder when 9588 is divided by 44.
40
What is the remainder when 29519 is divided by 14757?
5
What is the remainder when 15973 is divided by 1?
0
Calculate the remainder when 8838 is divided by 75.
63
Calculate the remainder when 48820 is divided by 16097.
529
What is the remainder when 17501 is divided by 5830?
11
What is the remainder when 359 is divided by 88?
7
What is the remainder when 140524 is divided by 211?
209
What is the remainder when 1339 is divided by 59?
41
What is the remainder when 3920 is divided by 131?
121
Calculate the remainder when 26925 is divided by 575.
475
What is the remainder when 18687939 is divided by 2260?
2259
Calculate the remainder when 3153252 is divided by 186.
180
What is the remainder when 29323 is divided by 208?
203
Calculate the remainder when 1710 is divided by 1693.
17
What is the remainder when 51472 is divided by 429?
421
What is the remainder when 1036 is divided by 138?
70
What is the remainder when 31256 is divided by 217?
8
Calculate the remainder when 2245595 is divided by 112.
107
What is the remainder when 277666 is divided by 150?
16
What is the remainder when 64831 is divided by 1754?
1687
Calculate the remainder when 12061 is divided by 104.
101
What is the remainder when 8680 is divided by 485?
435
What is the remainder when 28183 is divided by 18?
13
What is the remainder when 11915 is divided by 662?
661
Calculate the remainder when 397267 is divided by 1528.
1515
What is the remainder when 820678 is divided by 420?
418
Calculate the remainder when 14012 is divided by 4667.
11
What is the remainder when 14811 is divided by 3?
0
What is the remainder when 2591 is divided by 2558?
33
Calculate the remainder when 212634 is divided by 30.
24
Calculate the remainder when 4290753 is divided by 301.
299
Calculate the remainder when 10252 is divided by 3414.
10
What is the remainder when 401 is divided by 126?
23
What is the remainder when 502919 is divided by 20?
19
What is the remainder when 17078 is divided by 579?
287
What is the remainder when 163957 is divided by 59?
55
What is the remainder when 45506 is divided by 361?
20
Calculate the remainder when 7446 is divided by 311.
293
Calculate the remainder when 115215 is divided by 115204.
11
What is the remainder when 1995 is divided by 325?
45
Calculate the remainder when 50441 is divided by 50433.
8
What is the remainder when 23700 is divided by 84?
12
Calculate the remainder when 415 is divided by 126.
37
What is the remainder when 1414423 is divided by 202059?
10
Calculate the remainder when 26567 is divided by 93.
62
What is the remainder when 2638 is divided by 865?
43
Calculate the remainder when 17675 is divided by 1767.
5
Calculate the remainder when 9114 is divided by 19.
13
What is the remainder when 353879 is divided by 876?
851
What is the remainder when 498772 is divided by 281?
278
Calculate the remainder when 28390 is divided by 2232.
1606
Calculate the remainder when 2299811 is divided by 7.
3
Calculate the remainder when 16012 is divided by 212.
112
What is the remainder when 19111 is divided by 309?
262
What is the remainder when 701 is divided by 45?
26
Calculate the remainder when 121388 is divided by 305.
303
What is the remainder when 174753 is divided by 380?
333
Calculate the remainder when 189884 is divided by 63293.
5
What is the remainder when 4534 is divided by 4501?
33
What is the remainder when 326 is divided by 22?
18
What is the remainder when 20219 is divided by 343?
325
What is the remainder when 52230 is divided by 5802?
12
Calculate the remainder when 5720 is divided by 213.
182
Calculate the remainder when 4759 is divided by 28.
27
What is the remainder when 86292 is divided by 4541?
13
Calculate the remainder when 1117 is divided by 1114.
3
Calculate the remainder when 53567 is divided by 27.
26
Calculate the remainder when 1473647 is divided by 210521.
0
Calculate the remainder when 30527 is divided by 872.
7
What is the remainder when 18813 is divided by 96?
93
Calculate the remainder when 23891 is divided by 4773.
26
What is the remainder when 614700 is divided by 307344?
12
Calculate the rem